{"id":322,"date":"2021-02-02T00:17:37","date_gmt":"2021-02-02T03:17:37","guid":{"rendered":"https:\/\/crucerosamoa.com\/samoa\/?page_id=322"},"modified":"2021-02-02T01:15:30","modified_gmt":"2021-02-02T04:15:30","slug":"quienes_somos","status":"publish","type":"page","link":"https:\/\/crucerosamoa.com\/index.php\/quienes_somos\/","title":{"rendered":"Quienes Somos"},"content":{"rendered":"\t\t<div data-elementor-type=\"wp-page\" data-elementor-id=\"322\" class=\"elementor elementor-322\" data-elementor-post-type=\"page\">\n\t\t\t\t\t\t<section class=\"elementor-section elementor-top-section elementor-element elementor-element-9f80b3c elementor-section-boxed elementor-section-height-default elementor-section-height-default\" data-id=\"9f80b3c\" data-element_type=\"section\">\n\t\t\t\t\t\t<div class=\"elementor-container elementor-column-gap-default\">\n\t\t\t\t\t<div class=\"elementor-column elementor-col-33 elementor-top-column elementor-element elementor-element-a3f37ef\" data-id=\"a3f37ef\" data-element_type=\"column\">\n\t\t\t<div class=\"elementor-widget-wrap elementor-element-populated\">\n\t\t\t\t\t\t<div class=\"elementor-element elementor-element-5feaef8 elementor-widget elementor-widget-image\" data-id=\"5feaef8\" data-element_type=\"widget\" data-widget_type=\"image.default\">\n\t\t\t\t<div class=\"elementor-widget-container\">\n\t\t\t\t\t\t\t\t\t\t\t\t\t\t\t<img decoding=\"async\" width=\"311\" height=\"42\" src=\"https:\/\/crucerosamoa.com\/wp-content\/uploads\/2021\/02\/quienes_somos.jpg\" class=\"attachment-large size-large wp-image-333\" alt=\"Crucero Samoa\" srcset=\"https:\/\/crucerosamoa.com\/wp-content\/uploads\/2021\/02\/quienes_somos.jpg 311w, https:\/\/crucerosamoa.com\/wp-content\/uploads\/2021\/02\/quienes_somos-300x42.jpg 300w\" sizes=\"(max-width: 311px) 100vw, 311px\" \/>\t\t\t\t\t\t\t\t\t\t\t\t\t\t\t<\/div>\n\t\t\t\t<\/div>\n\t\t\t\t\t<\/div>\n\t\t<\/div>\n\t\t\t\t<div class=\"elementor-column elementor-col-66 elementor-top-column elementor-element elementor-element-e6f25fb\" data-id=\"e6f25fb\" data-element_type=\"column\">\n\t\t\t<div class=\"elementor-widget-wrap\">\n\t\t\t\t\t\t\t<\/div>\n\t\t<\/div>\n\t\t\t\t\t<\/div>\n\t\t<\/section>\n\t\t\t\t<section class=\"elementor-section elementor-top-section elementor-element elementor-element-414ee50 elementor-section-boxed elementor-section-height-default elementor-section-height-default\" data-id=\"414ee50\" data-element_type=\"section\">\n\t\t\t\t\t\t<div class=\"elementor-container elementor-column-gap-default\">\n\t\t\t\t\t<div class=\"elementor-column elementor-col-100 elementor-top-column elementor-element elementor-element-e8a720b\" data-id=\"e8a720b\" data-element_type=\"column\">\n\t\t\t<div class=\"elementor-widget-wrap elementor-element-populated\">\n\t\t\t\t\t\t<div class=\"elementor-element elementor-element-7d6d45c elementor-widget elementor-widget-spacer\" data-id=\"7d6d45c\" data-element_type=\"widget\" data-widget_type=\"spacer.default\">\n\t\t\t\t<div class=\"elementor-widget-container\">\n\t\t\t\t\t\t\t<div class=\"elementor-spacer\">\n\t\t\t<div class=\"elementor-spacer-inner\"><\/div>\n\t\t<\/div>\n\t\t\t\t\t\t<\/div>\n\t\t\t\t<\/div>\n\t\t\t\t<div class=\"elementor-element elementor-element-f715e0b elementor-widget elementor-widget-text-editor\" data-id=\"f715e0b\" data-element_type=\"widget\" data-widget_type=\"text-editor.default\">\n\t\t\t\t<div class=\"elementor-widget-container\">\n\t\t\t\t\t\t\t\t\t<p class=\"font_8\" style=\"margin-right: 0px; margin-bottom: 0px; margin-left: 0px; padding: 0px; border: 0px; outline: 0px; vertical-align: baseline; background: transparent; pointer-events: auto; font-size: 13px; line-height: 1.2em; color: rgb(var(--color_15));\">Somos una empresa con m\u00e1s de 25 a\u00f1os en Punta del Este. <br>Buscamos el placer de navegar juntos cada d\u00eda, renovando nuestra flota y ofreciendo nuevas aventuras.<\/p>\n<p class=\"font_8\" style=\"margin-right: 0px; margin-bottom: 0px; margin-left: 0px; padding: 0px; border: 0px; outline: 0px; vertical-align: baseline; background: transparent; pointer-events: auto; font-size: 13px; line-height: 1.2em; color: rgb(var(--color_15));\">Realizamos alquiler de embarcaciones, paseos, pesca, servicio a buques pesajes, carguero .etc<\/p>\t\t\t\t\t\t\t\t<\/div>\n\t\t\t\t<\/div>\n\t\t\t\t<div class=\"elementor-element elementor-element-2c02ee5 elementor-widget elementor-widget-spacer\" data-id=\"2c02ee5\" data-element_type=\"widget\" data-widget_type=\"spacer.default\">\n\t\t\t\t<div class=\"elementor-widget-container\">\n\t\t\t\t\t\t\t<div class=\"elementor-spacer\">\n\t\t\t<div class=\"elementor-spacer-inner\"><\/div>\n\t\t<\/div>\n\t\t\t\t\t\t<\/div>\n\t\t\t\t<\/div>\n\t\t\t\t\t<\/div>\n\t\t<\/div>\n\t\t\t\t\t<\/div>\n\t\t<\/section>\n\t\t\t\t<section class=\"elementor-section elementor-top-section elementor-element elementor-element-57b2009 elementor-section-boxed elementor-section-height-default elementor-section-height-default\" data-id=\"57b2009\" data-element_type=\"section\">\n\t\t\t\t\t\t\t<div class=\"elementor-background-overlay\"><\/div>\n\t\t\t\t\t\t\t<div class=\"elementor-container elementor-column-gap-default\">\n\t\t\t\t\t<div class=\"elementor-column elementor-col-50 elementor-top-column elementor-element elementor-element-b95ed43\" data-id=\"b95ed43\" data-element_type=\"column\">\n\t\t\t<div class=\"elementor-widget-wrap elementor-element-populated\">\n\t\t\t\t\t\t<div class=\"elementor-element elementor-element-79759af elementor-widget elementor-widget-image\" data-id=\"79759af\" data-element_type=\"widget\" data-widget_type=\"image.default\">\n\t\t\t\t<div class=\"elementor-widget-container\">\n\t\t\t\t\t\t\t\t\t\t\t\t\t\t\t<img decoding=\"async\" src=\"https:\/\/crucerosamoa.com\/wp-content\/uploads\/elementor\/thumbs\/lobos_500x500-p2cr3rt6bsrv91s7tkrxas3231adlwlq3akt329ebc.jpg\" title=\"Isla de Lobos\" alt=\"Isla de Lobos\" loading=\"lazy\" \/>\t\t\t\t\t\t\t\t\t\t\t\t\t\t\t<\/div>\n\t\t\t\t<\/div>\n\t\t\t\t<div class=\"elementor-element elementor-element-70950f6 elementor-widget elementor-widget-text-editor\" data-id=\"70950f6\" data-element_type=\"widget\" data-widget_type=\"text-editor.default\">\n\t\t\t\t<div class=\"elementor-widget-container\">\n\t\t\t\t\t\t\t\t\t<h3><i>Paseo Isla de Lobos<\/i><\/h3><h6>Salidas Diarias<\/h6>\t\t\t\t\t\t\t\t<\/div>\n\t\t\t\t<\/div>\n\t\t\t\t\t<\/div>\n\t\t<\/div>\n\t\t\t\t<div class=\"elementor-column elementor-col-50 elementor-top-column elementor-element elementor-element-ba5c2ca\" data-id=\"ba5c2ca\" data-element_type=\"column\">\n\t\t\t<div class=\"elementor-widget-wrap elementor-element-populated\">\n\t\t\t\t\t\t<div class=\"elementor-element elementor-element-29507dd elementor-widget elementor-widget-image\" data-id=\"29507dd\" data-element_type=\"widget\" data-widget_type=\"image.default\">\n\t\t\t\t<div class=\"elementor-widget-container\">\n\t\t\t\t\t\t\t\t\t\t\t\t\t\t\t<img decoding=\"async\" src=\"https:\/\/crucerosamoa.com\/wp-content\/uploads\/elementor\/thumbs\/gorriti_500x500-p2cr2wsi29lelx19upd8ihwuhbj9jw6kz11s8xje0o.jpg\" title=\"Isla Gorriti\" alt=\"Isla Gorriti\" loading=\"lazy\" \/>\t\t\t\t\t\t\t\t\t\t\t\t\t\t\t<\/div>\n\t\t\t\t<\/div>\n\t\t\t\t<div class=\"elementor-element elementor-element-ea807ed elementor-widget elementor-widget-text-editor\" data-id=\"ea807ed\" data-element_type=\"widget\" data-widget_type=\"text-editor.default\">\n\t\t\t\t<div class=\"elementor-widget-container\">\n\t\t\t\t\t\t\t\t\t<h3><p><i style=\"\">Isla Gorriti<\/i><\/p><h6><span style=\"font-size: 0.75rem; letter-spacing: 1px; text-transform: uppercase;\">Salidas Diarias<\/span><\/h6><\/h3>\t\t\t\t\t\t\t\t<\/div>\n\t\t\t\t<\/div>\n\t\t\t\t\t<\/div>\n\t\t<\/div>\n\t\t\t\t\t<\/div>\n\t\t<\/section>\n\t\t\t\t<section class=\"elementor-section elementor-top-section elementor-element elementor-element-f5d68f8 elementor-section-boxed elementor-section-height-default elementor-section-height-default\" data-id=\"f5d68f8\" data-element_type=\"section\">\n\t\t\t\t\t\t<div class=\"elementor-container elementor-column-gap-default\">\n\t\t\t\t\t<div class=\"elementor-column elementor-col-50 elementor-top-column elementor-element elementor-element-38144b5\" data-id=\"38144b5\" data-element_type=\"column\">\n\t\t\t<div class=\"elementor-widget-wrap elementor-element-populated\">\n\t\t\t\t\t\t<div class=\"elementor-element elementor-element-d255fd7 elementor-widget elementor-widget-image\" data-id=\"d255fd7\" data-element_type=\"widget\" data-widget_type=\"image.default\">\n\t\t\t\t<div class=\"elementor-widget-container\">\n\t\t\t\t\t\t\t\t\t\t\t\t\t\t\t<img decoding=\"async\" src=\"https:\/\/crucerosamoa.com\/wp-content\/uploads\/elementor\/thumbs\/paseo_500x500-p2crbf7vy98vqso65dtm3cl44xkx97z2t5q2p4x1o8.jpg\" title=\"Isla Gorriti\" alt=\"Isla Gorriti\" loading=\"lazy\" \/>\t\t\t\t\t\t\t\t\t\t\t\t\t\t\t<\/div>\n\t\t\t\t<\/div>\n\t\t\t\t<div class=\"elementor-element elementor-element-40718ae elementor-widget elementor-widget-text-editor\" data-id=\"40718ae\" data-element_type=\"widget\" data-widget_type=\"text-editor.default\">\n\t\t\t\t<div class=\"elementor-widget-container\">\n\t\t\t\t\t\t\t\t\t<h3><i><b>Paseos incre\u00edbles para disfrutar&nbsp;<\/b><\/i><\/h3>\n<h6>Salidas desde puerto punta del este<\/h6>\t\t\t\t\t\t\t\t<\/div>\n\t\t\t\t<\/div>\n\t\t\t\t\t<\/div>\n\t\t<\/div>\n\t\t\t\t<div class=\"elementor-column elementor-col-50 elementor-top-column elementor-element elementor-element-b60a39d\" data-id=\"b60a39d\" data-element_type=\"column\">\n\t\t\t<div class=\"elementor-widget-wrap elementor-element-populated\">\n\t\t\t\t\t\t<div class=\"elementor-element elementor-element-5e4bb11 elementor-widget elementor-widget-image\" data-id=\"5e4bb11\" data-element_type=\"widget\" data-widget_type=\"image.default\">\n\t\t\t\t<div class=\"elementor-widget-container\">\n\t\t\t\t\t\t\t\t\t\t\t\t\t\t\t<img decoding=\"async\" src=\"https:\/\/crucerosamoa.com\/wp-content\/uploads\/elementor\/thumbs\/pesca_500x500-p2cr4nros5zm7shsmyl8nk0qa4wuvm4ljorbegy0fs.jpg\" title=\"Pesca Colectiva\" alt=\"Pesca Colectiva\" loading=\"lazy\" \/>\t\t\t\t\t\t\t\t\t\t\t\t\t\t\t<\/div>\n\t\t\t\t<\/div>\n\t\t\t\t<div class=\"elementor-element elementor-element-6106d0c elementor-widget elementor-widget-text-editor\" data-id=\"6106d0c\" data-element_type=\"widget\" data-widget_type=\"text-editor.default\">\n\t\t\t\t<div class=\"elementor-widget-container\">\n\t\t\t\t\t\t\t\t\t<h3><i><b>Pesca Colectiva Deportiva en alta mar<\/b><\/i><\/h3>\n<h6>Crucero samoa<\/h6>\t\t\t\t\t\t\t\t<\/div>\n\t\t\t\t<\/div>\n\t\t\t\t\t<\/div>\n\t\t<\/div>\n\t\t\t\t\t<\/div>\n\t\t<\/section>\n\t\t\t\t<\/div>\n\t\t","protected":false},"excerpt":{"rendered":"<p>Somos una empresa con m\u00e1s de 25 a\u00f1os en Punta del Este. Buscamos el placer de navegar juntos cada d\u00eda, renovando nuestra flota y ofreciendo nuevas aventuras. Realizamos alquiler de &#8230;<\/p>\n","protected":false},"author":1,"featured_media":0,"parent":0,"menu_order":0,"comment_status":"closed","ping_status":"closed","template":"","meta":{"footnotes":""},"class_list":["post-322","page","type-page","status-publish","hentry"],"_links":{"self":[{"href":"https:\/\/crucerosamoa.com\/index.php\/wp-json\/wp\/v2\/pages\/322","targetHints":{"allow":["GET"]}}],"collection":[{"href":"https:\/\/crucerosamoa.com\/index.php\/wp-json\/wp\/v2\/pages"}],"about":[{"href":"https:\/\/crucerosamoa.com\/index.php\/wp-json\/wp\/v2\/types\/page"}],"author":[{"embeddable":true,"href":"https:\/\/crucerosamoa.com\/index.php\/wp-json\/wp\/v2\/users\/1"}],"replies":[{"embeddable":true,"href":"https:\/\/crucerosamoa.com\/index.php\/wp-json\/wp\/v2\/comments?post=322"}],"version-history":[{"count":12,"href":"https:\/\/crucerosamoa.com\/index.php\/wp-json\/wp\/v2\/pages\/322\/revisions"}],"predecessor-version":[{"id":344,"href":"https:\/\/crucerosamoa.com\/index.php\/wp-json\/wp\/v2\/pages\/322\/revisions\/344"}],"wp:attachment":[{"href":"https:\/\/crucerosamoa.com\/index.php\/wp-json\/wp\/v2\/media?parent=322"}],"curies":[{"name":"wp","href":"https:\/\/api.w.org\/{rel}","templated":true}]}}