{"id":36,"date":"2021-01-28T17:30:01","date_gmt":"2021-01-28T20:30:01","guid":{"rendered":"https:\/\/lconstantinidiseguros.com\/samoa\/?post_type=product&#038;p=36"},"modified":"2025-10-22T19:22:59","modified_gmt":"2025-10-22T22:22:59","slug":"isla-de-lobos","status":"publish","type":"product","link":"https:\/\/crucerosamoa.com\/index.php\/product\/isla-de-lobos\/","title":{"rendered":"Una cita con los Lobos Marinos &#8211; Paseo Isla de Lobos"},"content":{"rendered":"<p>Paseo incre\u00edble de 2 hrs. 15 min. visitando la reserva m\u00e1s grande del mundo de lobos marinos<br \/>\nSalidas sujetas a formaci\u00f3n de grupo (Consultar por Disponibilidad).<\/p>\n<p>M\u00cdNIMO 8 PASAJEROS.<\/p>\n<p>Continuamos con todas las normas de protocolo Covid-19 respetando todas las sugerencias gubernamentales.<\/p>\n<p class=\"font_8\">Mejor temporada: de Diciembre a Mayo.<\/p>\n<p class=\"font_8\">Ubicada en el Oc\u00e9ano Atl\u00e1ntico a 8,5 kmts. de la costa con una superficie de 41 hect\u00e1reas, la misma est\u00e1 habitada por la colonia de Lobos Marinos mas grande de Am\u00e9rica del Sur. Descubierta por Juan D\u00edaz de Sol\u00eds en el a\u00f1o 1516. Esta Isla tiene un faro construido en el a\u00f1o 1906 y est\u00e1 a 59 mts. del nivel del mar, siendo este uno de los faros mas altos del mundo. La Isla de Lobos cuenta con m\u00e1s de 180.000 lobos marinos habiendo dos especies: El Lobo Fino y el Le\u00f3n Marino. Los Lobos y Leones marinos son mam\u00edferos los cuales se diferencian de las focas por poseer pabell\u00f3n auditivo y caminar sobre sus cuatro miembros. Su olfato y o\u00eddo est\u00e1n muy bien desarrollados y ven muy bien debajo del agua. Su reproducci\u00f3n es pol\u00edgama: forman harenes de 1 macho con un promedio de 6 hembras cada uno. Las hembras tienen un solo cachorro con una gestaci\u00f3n que dura once meses y medio. Dichos lobos viven aproximadamente unos 28 a\u00f1os. En la playa de desembarque de la Isla se pueden observar otros ejemplares como elefantes marinos. Tambi\u00e9n gran variedad de aves como la Gaviota Cocinera. La flora aut\u00f3ctona est\u00e1 representada por dos especies de cactus y una especie de helecho llamado calaguala.<\/p>\n","protected":false},"excerpt":{"rendered":"<p>M\u00cdNIMO 8 PASAJEROS<\/p>\n","protected":false},"featured_media":473,"comment_status":"closed","ping_status":"closed","template":"","meta":[],"product_brand":[],"product_cat":[18],"product_tag":[26,25,31,34,28,27,30,29,35],"class_list":{"0":"post-36","1":"product","2":"type-product","3":"status-publish","4":"has-post-thumbnail","6":"product_cat-lb","7":"product_tag-isla-de-lobos","8":"product_tag-isla-gorriti","9":"product_tag-paseo-en-barco","10":"product_tag-paseo-isla-de-lobos","11":"product_tag-pesca-colectiva","12":"product_tag-pesca-deportiva","13":"product_tag-puerto-punta-del-este","14":"product_tag-punta-del-este","15":"product_tag-una-cita-con-los-lobos-marinos","16":"wt_location-maldonado","17":"wt_location-punta-del-este","19":"first","20":"outofstock","21":"featured","22":"sold-individually","23":"shipping-taxable","24":"purchasable","25":"product-type-simple"},"_links":{"self":[{"href":"https:\/\/crucerosamoa.com\/index.php\/wp-json\/wp\/v2\/product\/36","targetHints":{"allow":["GET"]}}],"collection":[{"href":"https:\/\/crucerosamoa.com\/index.php\/wp-json\/wp\/v2\/product"}],"about":[{"href":"https:\/\/crucerosamoa.com\/index.php\/wp-json\/wp\/v2\/types\/product"}],"replies":[{"embeddable":true,"href":"https:\/\/crucerosamoa.com\/index.php\/wp-json\/wp\/v2\/comments?post=36"}],"wp:featuredmedia":[{"embeddable":true,"href":"https:\/\/crucerosamoa.com\/index.php\/wp-json\/wp\/v2\/media\/473"}],"wp:attachment":[{"href":"https:\/\/crucerosamoa.com\/index.php\/wp-json\/wp\/v2\/media?parent=36"}],"wp:term":[{"taxonomy":"product_brand","embeddable":true,"href":"https:\/\/crucerosamoa.com\/index.php\/wp-json\/wp\/v2\/product_brand?post=36"},{"taxonomy":"product_cat","embeddable":true,"href":"https:\/\/crucerosamoa.com\/index.php\/wp-json\/wp\/v2\/product_cat?post=36"},{"taxonomy":"product_tag","embeddable":true,"href":"https:\/\/crucerosamoa.com\/index.php\/wp-json\/wp\/v2\/product_tag?post=36"}],"curies":[{"name":"wp","href":"https:\/\/api.w.org\/{rel}","templated":true}]}}